 -5*v(b) + 7*x(b). What is the units digit of d(0)?
2
What is the tens digit of 98*1 - (-1)/3*-6?
9
Let i(z) = 3*z**3 + 7*z**2 - 7*z + 6 - 4*z**3 - z**2. Suppose 0 = -2*r + 3*r - 4. What is the units digit of i(r)?
0
Suppose -2*y + y - 1 = 0. What is the tens digit of (-3)/(y + 4/5)?
1
Let f(o) = -13*o + 13. Let l be f(-9). Suppose 11*v - l = 6*v. What is the tens digit of v?
2
Let c = 85 - 41. What is the tens digit of c?
4
Let b = 8 - 7. What is the tens digit of (1*-13)/(b - 2)?
1
Let h = 19 + 9. Let r = h - 18. What is the units digit of r?
0
Suppose 5*u + 34 = -0*t - 3*t, 2*u = 5*t + 36. Let r = t - -26. What is the tens digit of r?
1
Let v = 7 + 26. Let u = -9 + v. What is the units digit of u?
4
Suppose -360 = -4*m + m. What is the tens digit of m?
2
Suppose -2*d + 19 = 5*q, 0*d + 2*d - 7 = -q. Suppose q*a = 2*a. Suppose c = -5*u + 11, a = 2*c + 3*c - 4*u + 3. What is the units digit of c?
1
Let x = -8 - -13. Suppose -x*p + p - 3*l + 2 = 0, -4*p + 5*l + 18 = 0. What is the units digit of p?
2
Let m be 4/(-10) - (-36)/15. Let d(h) = 2*h**2 + 2*h - 2. What is the units digit of d(m)?
0
Let s(m) = -m**2 - 11*m + 17. What is the units digit of s(-8)?
1
Suppose 5 = -5*u - 5. What is the tens digit of -13*1/u*2?
1
Suppose 3*u - 9 = -48. Let d = u - -21. What is the units digit of d?
8
Let v(k) = -k**3 - 5*k**2 - 3*k + 2. Let f be v(-3). Let u(h) = -h**3 - 7*h**2 - h - 7. Let g be u(f). What is the units digit of (g - -1)*(-3)/(-3)?
1
Suppose 3*u - 2*n - 8 = 6, -n = -u + 5. What is the units digit of (u + -3)*(1 - -2)?
3
Suppose -4*f + 34 - 2 = 0. Let t = f - -3. What is the tens digit of t?
1
Suppose 12 - 4 = 4*t. Suppose 6 = 2*p - 3*s - 19, -t*p + 20 = -2*s. What is the units digit of p?
5
Let v(t) = -2*t**3 + 6*t**3 - 3*t**3 + 0*t**2 - t + 2*t**2. What is the units digit of v(-2)?
2
Let v = -4 - -25. Let i = 34 - v. What is the tens digit of i?
1
Let y(h) = -h**2 + 8*h + 4. Suppose 0 = -3*v - 2*v - 70. Let r be 2/(-2 + -2)*v. What is the units digit of y(r)?
1
Suppose -2*o + 2*y + 12 = 0, 1 + 5 = -4*o - 2*y. What is the units digit of o?
1
What is the units digit of ((-4)/(-10))/2 - 12358/(-185)?
7
Let r(z) = -1. Let b(q) = -q - 8. Let g(y) = -b(y) - 3*r(y). What is the tens digit of g(8)?
1
What is the tens digit of (-415)/(-8) + (-6)/(-48)?
5
Suppose -3*p + m + 0 = -8, -3*m = 3*p. Suppose 3*j - 4*j + p*d + 6 = 0, 0 = -j - 2*d + 6. What is the units digit of j?
6
Suppose -165 - 80 = -5*d. Suppose -p + 5*n + d = 0, 3*n = 8*n + 20. What is the tens digit of p?
2
Let q be (-35)/(-4) - (-8)/32. Suppose 5*v - q = b, -5*v + 0 = 2*b - 12. What is the units digit of b?
1
Let t be 1 + (1*63 - -1). Let j = t + -36. What is the tens digit of j?
2
Let q be (-3)/1*6/6. Suppose -4*f = -0*p - 3*p + 1, 3*p + 4*f = 41. Let h = p + q. What is the units digit of h?
4
Suppose -6 = -u + 1. Let q(r) = -r**2 + 6*r - 4. Let i be q(4). Let p = u + i. What is the tens digit of p?
1
Suppose -3*c = -c. Let r(b) = c*b**2 + b + 2*b**2 + 2*b**2. What is the units digit of r(-1)?
3
Let h be 2*(1 - (-1 + 1)). Suppose h*p - 4*p = -4. What is the units digit of p?
2
Let i(r) = -33*r - 1. Let u be i(-1). Suppose u = 3*p + t, -4*p + 2 = -3*p - 4*t. What is the units digit of p?
0
Let h be (0*(-2)/6)/2. Let o be -1*(1 + h - -10). Let n = o + 18. What is the units digit of n?
7
Let i = 18 + -13. Suppose i = 2*v - 25. What is the units digit of v?
5
Let c(y) = -2*y + 27. Let t be c(11). Suppose 2*v + t*v = 210. What is the tens digit of v?
3
Let d be (-5 + -1)*6/(-9). Suppose 0 = -2*i + 10, 1 - 19 = u - d*i. What is the units digit of u?
2
Suppose 5*z + 3*f = 2 + 11, z - 5*f + 3 = 0. Let m(h) = 2*h**2 + 3*h - 1. What is the tens digit of m(z)?
1
Suppose 0 = -3*c - c + 16. What is the units digit of (-33 - c)/(0 - 1)?
7
Let d(l) = l**2 + 8*l - 5. What is the units digit of d(-10)?
5
Let l = 16 + -5. Suppose d - 5*x = 10, 4*x - l = -0*d - 3*d. Suppose m - 2*f = -0*f + 6, -50 = -4*m - d*f. What is the tens digit of m?
1
Let u = -143 - -213. What is the tens digit of u?
7
Suppose 3*x + x = 304. Suppose 5*u - 42 = -4*m + 72, u = 3*m - x. Suppose 6 - m = -4*a. What is the units digit of a?
5
Let o be (36/30)/(2/15). Let k = o - 5. Suppose 26 = k*l - 26. What is the units digit of l?
3
Let d = -267 + 168. What is the units digit of (1 + -5)*d/36?
1
Let t be 5*(3 - 0)*1. Suppose 5*o = 10 + t. Suppose o*g + 5*c = -1 + 6, 0 = g + 2*c. What is the units digit of g?
2
Let s(y) = y - 5. Let a be s(5). Let l = a - -4. What is the units digit of (-6)/l*(-26)/3?
3
Let x = 245 - 72. What is the hundreds digit of x?
1
Let p(s) = s**2 + 4*s + 6. Let y be p(5). Suppose -5*m + y = 11. What is the units digit of m?
8
Let v = 2 + 1. What is the units digit of v - ((-3)/(-1) + -2)?
2
Let i = 141 + -43. Suppose -q + i = 3*y, -1 - 35 = -y - q. Let o = -20 + y. What is the tens digit of o?
1
Let m(x) = x**3 - 4*x**2 + 5*x - 5. Let h be m(4). Suppose 0*f + 5*f + 45 = 0. Let o = h + f. What is the units digit of o?
6
Suppose -9*g + 6018 = 8*g. What is the units digit of g?
4
Suppose -4*q = 5*h - 30 - 91, -3*q = 5*h - 87. What is the tens digit of q?
3
Let z(i) be the first derivative of -3*i**2/2 + 13*i - 4. Let m be z(-9). What is the units digit of (6/(-5))/((-8)/m)?
6
Let u(m) = -m**3 + 7*m**2 - m + 4. Let o be u(5). Suppose -139 = -5*z - o. What is the units digit of z?
8
What is the hundreds digit of ((-150)/(-9))/((-1)/(-9))?
1
Let t(l) = -2*l**3 - 6*l**2 - 2*l + 3. Let q(x) = 5*x + x - x**2 + x**3 - 5*x. Let b(o) = q(o) + t(o). What is the units digit of b(-7)?
0
Suppose 123 = 4*u - 85. Let w be u/9 - 10/(-45). Let v = -4 + w. What is the units digit of v?
2
Suppose 0*w = 4*m + 2*w, 2*w = 3*m. Let x = 0 - m. Suppose -p = -x*p - 3. What is the units digit of p?
3
Suppose 31 = c - 14. What is the tens digit of c?
4
Suppose j + 78 = 2*o, 2*j - 22 = -2*o + 50. Suppose o = 5*t - 27. Let m = t + -7. What is the units digit of m?
6
Let u(q) be the first derivative of -q**3/3 + 3*q**2 - 6*q - 1. What is the units digit of u(4)?
2
Let m = 0 - -48. What is the tens digit of m?
4
Suppose -n + 0*n - 4 = d, 0 = -4*d + n + 4. Suppose d*r + 3*r = 18. Suppose -5*x + 9 = 4*f, 0*x - 3*f = 3*x - r. What is the units digit of x?
1
Let s be 30/35*14/2. Suppose -64 = s*j - 2*j. What is the tens digit of (-1)/(-2)*-2 - j?
1
Let c be (-3)/(-6)*(0 - 0). Suppose c = -4*a + 27 - 99. Let v = -13 - a. What is the units digit of v?
5
Let w be (-50)/(-1 - (3 + -3)). Suppose -2*i = -5*x - 7 - 3, -2*i + 10 = x. Suppose w = 5*j - x*j. What is the units digit of j?
0
Let i = -17 + 59. What is the tens digit of i?
4
Let f(t) = -t**3 + 4*t**2 - 1. Let u be f(4). Let y(x) = -3*x**2 - 1. Let s be y(u). Let i(p) = -5*p - 1. What is the units digit of i(s)?
9
Let j = -6 + 10. Let m(d) = 3 - d - j - 4*d + 2. What is the tens digit of m(-2)?
1
Let t be (-4)/16 + (-62)/8. Let a = t + 12. Suppose 5*n - 22 = z + 2*z, -z + 4 = a*n. What is the units digit of n?
2
Suppose -3*f - 2*a + 106 = 2*f, f = -a + 23. Suppose -3*t + 3 = 2*s - 14, -6 = -2*t. Suppose s*l - f = -4*i + 4, 3*i + 3 = 0. What is the units digit of l?
7
What is the hundreds digit of 3/(-5) - 0 - 18513/(-55)?
3
Let r(w) = w**2 + 6 - 2*w**2 - w**2 + 3*w**2 + 3*w. Let v be r(-4). What is the units digit of 1 + v + (-4)/4?
0
Let n = -127 + 233. What is the tens digit of n?
0
Let k(d) = -d**2 + 4*d - 11. Let a(g) = -g**2 + 5*g - 11. Let q(w) = -4*a(w) + 3*k(w). What is the units digit of q(7)?
4
Let s(x) be the third derivative of x**6/120 + x**5/20 - x**4/8 - x**3/2 - 2*x**2. Suppose -i + 1 - 3 = 0. What is the units digit of s(i)?
7
Suppose -3*j + 12 = -4*g + 64, -2*g - 4*j = -26. Suppose s - 25 = 4*m, m = 2*s - g - 23. What is the tens digit of s?
1
Let g be (-3)/6 + 20/8. Suppose g*t = -t + 36. What is the tens digit of t?
1
Let g be ((-2)/(-6))/(3/(-9)). Let z = -13 - -5. Let r = g - z. What is the units digit of r?
7
Suppose 5*k = -2*o + 113, -k + 20 = -0*k + 3*o. Let n be 30/4*(-12)/(-9). Let t = k - n. What is the units digit of t?
3
Let o be 10*-1*(-2)/(-5). Let n be o/(-22) - 2/11. Suppose n*x = -3*x + 18. What is the units digit of x?
6
Suppose -2*m = -b + 4, -2*m - 4*b = -5*m - 11. Let n = 11 - m. What is the units digit of n?
2
Let c(m) be the first derivative of m**2/